 -6*k + 2*k - 16 = 0. What is the remainder when g(k) is divided by 16?
15
Let r = -2 - 1. Let g(s) = -3*s + 0 - s - 3. Calculate the remainder when 26 is divided by g(r).
8
Let y be (-18)/30 + 16/10. Suppose -t = -18 - y. Calculate the remainder when t is divided by 7.
5
Suppose c + m - 9 = 0, -5*m = -6 - 19. Let f(g) = 3*g + 2*g**2 + 0*g**2 - c + 0*g**2. Calculate the remainder when 13 is divided by f(-3).
3
Let u = 3 - -2. What is the remainder when 22 is divided by ((-6)/u - -2)*5?
2
Let p = -33 + 11. Let t = p - -37. What is the remainder when t is divided by 6?
3
Let a(q) = q**3 + 9*q**2 + 6*q + 6. What is the remainder when a(-8) is divided by (-2)/6*6*-6?
10
Suppose 0 = 3*h - 2*h - 16. Suppose -2*f = -2*i + h, -3*i = -0*i - 2*f - 24. Let y(u) = u**2 - 3*u - 3. What is the remainder when y(-3) is divided by i?
7
Let w(n) = -3*n**2 + 2*n**2 + 2*n - 3*n + 0*n**2 + 7. What is the remainder when 19 is divided by w(0)?
5
Let i(q) = q**3 - 4*q**2 + 2*q - 5. Let v be i(4). Suppose 4*p - 17 = v. Suppose y - 14 = -0. What is the remainder when y is divided by p?
4
Let k(w) = -w**3 + 3*w**2 + 3*w - 2. Let u(f) = f**3 - 11*f**2 + 18*f + 13. What is the remainder when u(9) is divided by k(3)?
6
Let x = -57 - -95. What is the remainder when 73 is divided by x?
35
Let d = 55 + -52. Let o be 1*-2 - -2 - -31. Let l = o + d. Calculate the remainder when l is divided by 9.
7
Calculate the remainder when 10 is divided by (-6)/((162/(-12))/9).
2
What is the remainder when 41/3 + (-11)/(-33) is divided by 8?
6
Suppose 4*a + a - 20 = 0. Suppose -a*c + 5*z - 166 = -54, 3*z + 56 = -2*c. Let w = c + 59. Calculate the remainder when w is divided by 11.
9
What is the remainder when 58 is divided by 5 - -13 - 2*-1?
18
Let m be -6 + 10 - (-1 + 31). Let f = -23 - m. What is the remainder when 10 is divided by f?
1
Let i = -7 - -27. Calculate the remainder when 3/(-12)*1*-148 is divided by i.
17
Suppose 0 = 2*n + 4*t - 252, 0 = 5*t - 0 - 5. What is the remainder when n is divided by 32?
28
Let q = -30 - -50. What is the remainder when q is divided by 7?
6
What is the remainder when (-4)/(-10) + 504/40 is divided by 8?
5
Let u(w) = w + 2. Let h = -8 - -13. Suppose -2*g = 2*x - 8, 3*g = -5*x + 17 + 1. What is the remainder when u(h) is divided by x?
1
Let x(y) = 2*y**2 + 5*y - 2. Suppose -5 = 2*h - 3*o, 5*h + 14 = 2*o - 4. Calculate the remainder when 17 is divided by x(h).
7
Suppose -3*q = -19 - 2. What is the remainder when q is divided by 2?
1
Let y(s) = 2*s**2 + 8*s - 19. Calculate the remainder when y(-8) is divided by 12.
9
Suppose v + 2*v = 6. Suppose 154 = v*c - 78. Let k = c - 65. Calculate the remainder when k is divided by 13.
12
Suppose -5*n + 1 + 104 = 0. Suppose -4*p + 298 - 2 = 0. Suppose 2*v = 48 + p. Calculate the remainder when v is divided by n.
19
Let c = 20 - 12. What is the remainder when 21 is divided by c?
5
Let j(f) = f**2 + 4*f - 4*f + f. Let y be j(-2). Calculate the remainder when (4/y)/((-2)/(-27)) is divided by 14.
13
Let n = -58 + 88. Let h = n + -13. Suppose -4*f - 143 = -3*q, -4*q - f = -6*f - 191. Calculate the remainder when q is divided by h.
15
Calculate the remainder when 3 - -19*(-3)/(-3) is divided by 6.
4
Suppose 2*b = 6 + 34. Calculate the remainder when 77 is divided by b.
17
Calculate the remainder when 3/(-6) + (-42)/(-4) is divided by 6.
4
Suppose 4*r - 14 = 3*h, -r = h + 3*h - 13. Suppose -3*w = h*w - 150. Calculate the remainder when w is divided by 16.
14
Let l(g) = -4*g + 45. What is the remainder when l(6) is divided by 15?
6
Let y(o) = o + 10. Suppose 9*f + 114 - 357 = 0. Calculate the remainder when f is divided by y(0).
7
Let v(w) = -w**3 - 18*w**2 - 18*w - 6. What is the remainder when 45 is divided by v(-17)?
1
Suppose -3*n + 10 = -5*p, -4*n = 2*p - 9*n + 23. Calculate the remainder when 3 is divided by p.
0
Suppose -5*o + 3 - 13 = 0. Let w(n) = 4*n + 5*n**2 + 0*n + 2 + n**2. Calculate the remainder when 52 is divided by w(o).
16
Suppose y + 4*y - 25 = 0. Suppose -3*l = -v - 4*v - 10, 2*v + 18 = 4*l. Suppose l*z + 1 = 66. Calculate the remainder when z is divided by y.
3
Let a(w) = w**3 + 4*w**2 - 2*w - 2. Let y be a(-3). Let g = y + 23. Calculate the remainder when g is divided by 19.
17
Let y be (-38)/(-14) - (-2)/7. Suppose -53 + 11 = -y*v. What is the remainder when 53 is divided by v?
11
Let d be (-2 - 1)*(1 + 2). Let q = d - -13. Suppose -q*z + 133 = -3. Calculate the remainder when z is divided by 18.
16
Suppose 4*p - 15 = 1. Suppose -p*c = -8*c + 60. Calculate the remainder when ((-198)/c)/((-6)/15) is divided by 12.
9
Let v be 30 + 3 + -1 + -2. Suppose -2*p + 0*p + v = 0. Let y = 49 - p. Calculate the remainder when y is divided by 12.
10
Let k(a) = a**3 + 7*a**2 + 3*a - 3. Calculate the remainder when 58 is divided by k(-6).
13
Suppose -3*u + 2 = -2*u. Let q = 3 - u. What is the remainder when 23 is divided by ((-2)/5)/(q/(-15))?
5
Suppose 2 = -2*p, -m - m + 5*p = -13. Suppose 2*x = m, 0 = -n - 0*x + 2*x + 13. Calculate the remainder when n is divided by 6.
5
Let f(r) = 7*r**2. What is the remainder when f(2) is divided by 16?
12
Let g be (-1)/((-2)/(-100)) + 0. Calculate the remainder when ((48/20)/(-4))/((-2)/50) is divided by g/(-8) + 2/(-8).
3
Suppose -16 - 23 = -4*s + 5*i, 21 = 2*s - i. Calculate the remainder when 31 is divided by s.
9
Suppose 0 = 5*p + 5*n - 0*n - 160, 0 = -3*n - 3. Let c = -16 + p. What is the remainder when c is divided by 9?
8
Suppose -4*b - 3*a + 7 = 0, 2*b + 2*a = -a + 5. Let s = 96 + -90. What is the remainder when s is divided by b?
0
Suppose -225 - 123 = -6*a. Calculate the remainder when a is divided by 12.
10
Let f(y) = -y + 13. Let s be f(11). What is the remainder when 15 is divided by -18*(-1)/(1 + s)?
3
Let r(j) = 3*j**2 - 5*j - 19. Calculate the remainder when r(7) is divided by 32.
29
Let q(g) = -g**2 + 7*g - 3. Calculate the remainder when 25 is divided by q(5).
4
Suppose b + 3*b = 72. Suppose 0 = -5*d - 13 + 3, 4*o - 36 = 4*d. What is the remainder when b is divided by o?
4
Let i = 43 - 84. Let d = -21 - i. Suppose -2*j + 16 = -2*z, 4*j - 2*j - z = 15. Calculate the remainder when d is divided by j.
6
Suppose -w - b + 16 = 0, -3*b - 36 - 30 = -3*w. Calculate the remainder when 93 is divided by w.
17
Let m = -11 + 12. What is the remainder when 3 is divided by m?
0
Suppose 4*o = -5*j + 14, 3*j = 2*o + 4 - 0. Suppose 2*l = 22 - 12. Calculate the remainder when l is divided by j.
1
Suppose -12 = 3*b - 72. Calculate the remainder when (-12)/(-18) + 172/3 is divided by b.
18
Let c(h) = -6*h**3 - 2*h - 1. What is the remainder when c(-1) is divided by 5?
2
Suppose 0 = a + a - 3*t - 22, 2*a + t = 14. What is the remainder when a is divided by 3?
2
Let y(i) = i**3 + 5*i**2 - 9*i - 5. Suppose -2*o - 20 = -8. What is the remainder when y(o) is divided by 5?
3
Let j(w) = w**2 - w - 5. Let b be j(-7). Suppose -5*a - 3*r = -b, -37 = -3*a - r - 8. Let h = 17 - a. Calculate the remainder when 23 is divided by h.
7
Let x = -6 + 18. What is the remainder when 45 is divided by x?
9
Let j(m) = -m**2 - 7*m + 3. Let x be j(-7). Suppose -x*c + 275 = 2*c. What is the remainder when c is divided by 29?
26
Let m = -1 + -4. Let c = 6 + m. Let y = c + 1. Calculate the remainder when 4 is divided by y.
0
Let d(z) = -13*z + 2. Let r(a) = -7*a + 1. Let u(t) = -6*d(t) + 11*r(t). Let n be u(-3). Calculate the remainder when 12 is divided by (-1 - n) + (-5 - -9).
5
Let g = -31 - 6. Let b = g + 69. Calculate the remainder when b is divided by 17.
15
Let c(i) = -i**3 - 14*i**2 - 17*i + 6. What is the remainder when c(-13) is divided by 15?
13
Suppose -2*x + 3*r = 38 + 17, -3*x - 4*r - 74 = 0. Let j = x + 41. Calculate the remainder when 42 is divided by j.
12
Suppose 5*h - 4*w + 4 + 6 = 0, 0 = 5*h + 3*w - 25. Let d = 8 - h. Calculate the remainder when 21 is divided by d.
3
Let b(z) = -z**2 + 6*z + 3. Let r be b(6). Suppose r*h + 8 = 7*h. Calculate the remainder when 7 is divided by h.
1
Let h = 56 + -22. What is the remainder when h is divided by 18?
16
Suppose 6*r = -q + r + 9, -2*q + 5*r + 78 = 0. Suppose 6 + 10 = u. What is the remainder when q is divided by u?
13
Suppose 3*w - 2*k = 0, -w - 4*k = k. Suppose 0 = -2*b + 5*d + 7 - w, -3*b - 4*d = -45. Let x = -2 + 6. What is the remainder w